st the prime factors of 324342.
2, 3, 37, 487
List the prime factors of 823263.
3, 7, 197, 199
What are the prime factors of 52954?
2, 11, 29, 83
What are the prime factors of 1699892?
2, 19, 22367
What are the prime factors of 258272?
2, 7, 1153
What are the prime factors of 273773?
273773
List the prime factors of 33400075.
5, 1336003
List the prime factors of 231547.
231547
What are the prime factors of 21664?
2, 677
List the prime factors of 246374.
2, 47, 2621
List the prime factors of 1668314.
2, 19, 43, 1021
What are the prime factors of 678869?
31, 61, 359
What are the prime factors of 1106023?
73, 109, 139
List the prime factors of 15925246.
2, 23, 346201
List the prime factors of 128526.
2, 3, 31, 691
List the prime factors of 16049426.
2, 97, 82729
List the prime factors of 112696.
2, 14087
What are the prime factors of 13168748?
2, 19, 173273
List the prime factors of 4112914.
2, 13, 158189
What are the prime factors of 9457485?
3, 5, 23, 79, 347
What are the prime factors of 3022443?
3, 499, 673
List the prime factors of 4126195.
5, 67, 109, 113
What are the prime factors of 4979967?
3, 29, 57241
List the prime factors of 1286607.
3, 7, 197, 311
What are the prime factors of 24212565?
3, 5, 13, 41389
List the prime factors of 6244547.
31, 201437
What are the prime factors of 137849?
137849
List the prime factors of 32896679.
32896679
What are the prime factors of 452609?
439, 1031
What are the prime factors of 362522?
2, 41, 4421
What are the prime factors of 21507340?
2, 5, 337, 3191
List the prime factors of 414331.
414331
List the prime factors of 9474306.
2, 3, 1579051
List the prime factors of 11545029.
3, 1282781
List the prime factors of 10157329.
7, 13, 23, 211
What are the prime factors of 3600554?
2, 1800277
What are the prime factors of 5322?
2, 3, 887
What are the prime factors of 36490?
2, 5, 41, 89
What are the prime factors of 536154?
2, 3, 193, 463
List the prime factors of 1416038.
2, 13, 107, 509
What are the prime factors of 923217?
3, 439, 701
What are the prime factors of 331100?
2, 5, 7, 11, 43
What are the prime factors of 23717816?
2, 2964727
What are the prime factors of 141823?
11, 12893
List the prime factors of 479946.
2, 3, 41, 1951
List the prime factors of 3262721.
7, 11, 42373
List the prime factors of 4329743.
11, 3253
List the prime factors of 29517831.
3, 7, 17, 9187
List the prime factors of 2538741.
3, 846247
What are the prime factors of 349084?
2, 197, 443
What are the prime factors of 821505?
3, 5, 54767
List the prime factors of 955070.
2, 5, 95507
What are the prime factors of 6834422?
2, 7, 69739
What are the prime factors of 148173?
3, 49391
List the prime factors of 2953726.
2, 73, 20231
What are the prime factors of 75210?
2, 3, 5, 23, 109
List the prime factors of 6725040.
2, 3, 5, 7, 4003
List the prime factors of 810479.
251, 3229
What are the prime factors of 398267?
398267
What are the prime factors of 3063517?
107, 28631
What are the prime factors of 135793?
7, 19, 1021
What are the prime factors of 1142885?
5, 228577
List the prime factors of 645682.
2, 113, 2857
List the prime factors of 98723.
269, 367
What are the prime factors of 18170599?
18170599
What are the prime factors of 5110934?
2, 59, 43313
List the prime factors of 154342.
2, 77171
What are the prime factors of 228794?
2, 139, 823
What are the prime factors of 91513?
91513
What are the prime factors of 3283023?
3, 17, 64373
List the prime factors of 189557.
131, 1447
List the prime factors of 11960261.
1087, 11003
List the prime factors of 535382.
2, 19, 73, 193
List the prime factors of 509657.
23, 22159
List the prime factors of 30010143.
3, 421, 23761
What are the prime factors of 949780?
2, 5, 13, 281
List the prime factors of 1990136.
2, 19, 13093
What are the prime factors of 305948?
2, 76487
List the prime factors of 30088.
2, 3761
List the prime factors of 900355.
5, 180071
What are the prime factors of 713645?
5, 53, 2693
List the prime factors of 3821391.
3, 7, 20219
What are the prime factors of 715411?
17, 42083
List the prime factors of 7626139.
7626139
List the prime factors of 8514255.
3, 5, 23, 29, 37
What are the prime factors of 114809?
114809
What are the prime factors of 3012628?
2, 101, 7457
What are the prime factors of 355377?
3, 11, 89
List the prime factors of 378022.
2, 189011
What are the prime factors of 1685141?
23, 41, 1787
List the prime factors of 274032.
2, 3, 11, 173
List the prime factors of 26343028.
2, 59, 111623
What are the prime factors of 7994?
2, 7, 571
What are the prime factors of 15993545?
5, 53, 60353
What are the prime factors of 322136?
2, 67, 601
What are the prime factors of 10001588?
2, 131, 19087
List the prime factors of 339667.
31, 10957
What are the prime factors of 1391680?
2, 5, 4349
List the prime factors of 770319.
3, 11, 31, 251
List the prime factors of 228017.
107, 2131
What are the prime factors of 852509?
7, 121787
List the prime factors of 5343107.
7, 11, 23, 431
List the prime factors of 9476405.
5, 1109, 1709
List the prime factors of 2023866.
2, 3, 13, 31
List the prime factors of 230044.
2, 17, 199
List the prime factors of 4504425.
3, 5, 19, 29, 109
List the prime factors of 4204646.
2, 2102323
What are the prime factors of 8401320?
2, 3, 5, 2593
What are the prime factors of 1888042?
2, 13, 72617
List the prime factors of 2173703.
7, 47, 6607
What are the prime factors of 2039621?
2039621
List the prime factors of 2884275.
3, 5, 4273
What are the prime factors of 10702080?
2, 3, 5, 929
List the prime factors of 98285.
5, 11, 1787
What are the prime factors of 8094123?
3, 449, 2003
List the prime factors of 56855.
5, 83, 137
What are the prime factors of 89974?
2, 44987
List the prime factors of 1107720.
2, 3, 5, 17, 181
List the prime factors of 17826915.
3, 5, 313, 3797
List the prime factors of 201564.
2, 3, 11, 509
What are the prime factors of 1350012?
2, 3, 112501
List the prime factors of 3891882.
2, 3, 37, 47, 373
List the prime factors of 6014937.
3, 23, 179, 487
What are the prime factors of 57276?
2, 3, 37, 43
What are the prime factors of 4467457?
61, 73237
List the prime factors of 49208.
2, 6151
List the prime factors of 4872465.
3, 5, 13, 8329
List the prime factors of 1519773.
3, 506591
List the prime factors of 439084.
2, 31, 3541
List the prime factors of 3868622.
2, 17, 113783
List the prime factors of 2011409.
2011409
What are the prime factors of 755304?
2, 3, 11, 2861
List the prime factors of 4555919.
1381, 3299
What are the prime factors of 1348967?
17, 73, 1087
List the prime factors of 193056.
2, 3, 2011
List the prime factors of 3536929.
11, 137, 2347
What are the prime factors of 1456995?
3, 5, 137, 709
What are the prime factors of 1889230?
2, 5, 7, 137, 197
List the prime factors of 132490.
2, 5, 13249
List the prime factors of 11428477.
59, 193703
List the prime factors of 6876361.
6876361
What are the prime factors of 179037?
3, 19, 349
What are the prime factors of 2465653?
1201, 2053
List the prime factors of 4443400.
2, 5, 13, 1709
List the prime factors of 2899147.
61, 47527
List the prime factors of 37141.
13, 2857
What are the prime factors of 1160789?
7, 139, 1193
List the prime factors of 4600976.
2, 269, 1069
List the prime factors of 9107791.
7, 11, 10753
What are the prime factors of 4184269?
47, 127, 701
What are the prime factors of 251796?
2, 3, 20983
What are the prime factors of 43065?
3, 5, 11, 29
What are the prime factors of 2813453?
2813453
What are the prime factors of 174806?
2, 87403
List the prime factors of 491824.
2, 59, 521
List the prime factors of 1377527.
17, 81031
What are the prime factors of 1804121?
11, 164011
List the prime factors of 6318402.
2, 3, 1053067
List the prime factors of 3113470.
2, 5, 311347
List the prime factors of 2553789.
3, 7, 121609
What are the prime factors of 35415?
3, 5, 787
What are the prime factors of 657669?
3, 219223
What are the prime factors of 60725?
5, 7, 347
What are the prime factors of 15980232?
2, 3, 665843
List the prime factors of 16891203.
3, 7, 37, 21739
List the prime factors of 1045068.
2, 3, 73, 1193
List the prime factors of 3634073.
17, 19, 11251
What are the prime factors of 130788?
2, 3, 7, 173
List the prime factors of 11997825.